).
-3
Let p(s) = 2*s + 37. Let f be p(-18). Let m(d) = 34*d**2 - f - 11*d**2 - 22*d**2 + 2*d. Give m(-2).
-1
Let u(s) = -2*s**3 - 4*s**2 + 6. Let l be 1 + 6 + (15 - (22 + -2)). Give u(l).
-26
Let z(s) = s**2 + 31*s + 150. Let t(f) = -36*f**2 + 254*f - 20. Let j be t(7). Calculate z(j).
0
Let b(u) be the second derivative of -u**4/4 + 8*u**3/3 - 26*u**2 + 2*u - 1997. Determine b(4).
-36
Let o(z) be the first derivative of -2*z**2 + 3*z - 959. Determine o(-6).
27
Let j(v) = -3 + 3*v**2 - 2*v**2 + 0*v + 3*v. Suppose -4*z + 143 = -5*z. Let u = z + 139. What is j(u)?
1
Let m(r) = -r + 18. Suppose -c = -2*c - 5*w - 13, 2*c + 1 = -5*w. Determine m(c).
6
Suppose -k = -3*k + 4. Suppose 0 = -k*y + 3 + 1. Suppose 4 = 2*j - 0*j + 5*b, 10 = -2*j + y*b. Let d(w) = -4*w + 2. Give d(j).
14
Let f(n) = n**2 - 30*n + 77. Suppose 0 = 6*u + 4*j - 134, 3*u = -17*j + 14*j + 60. What is f(u)?
-4
Let j be 2*((-2)/(-8))/((-3)/6). Let s = -8 - -10. Let m(h) = 14*h**2 - 3*h**s - 10*h**2 - h. What is m(j)?
2
Let v(k) be the first derivative of -105*k**2/2 + 1475*k - 2889. Give v(14).
5
Suppose k + u = 0, 2*k - k - 4*u + 25 = 0. Let v be k/(5/30*-1). Let z = -26 + v. Let r(d) = d**3 - 5*d**2 + 4*d - 2. Give r(z).
-2
Let b(y) be the second derivative of 0 + y + 1/2*y**3 - 11/2*y**2 + 1/24*y**4. Let v(z) be the first derivative of b(z). Calculate v(-3).
0
Let q(x) be the first derivative of -x**5/20 + x**4/6 + x**3 - 3*x**2/2 - 5*x - 45. Let h(d) be the first derivative of q(d). Give h(4).
-11
Let s(a) = 6*a + 250. Let y be s(-43). Let x(l) = -8*l - 61. What is x(y)?
3
Let c(j) = 2 + j + 0 - j**3 + 1. Suppose 0 = 2*r + 4, -17*n - 4*r - 11 = -16*n. Determine c(n).
27
Let d(r) be the second derivative of -r**5/20 - r**4/6 - r**3/2 + 19*r**2/2 - 7505*r. Determine d(2).
-3
Let j(s) be the first derivative of -3 + 1/2*s**2 - 1/4*s**4 + 4*s + 4/3*s**3. Suppose -29*v - 65 + 79 = -102. Calculate j(v).
8
Let l(c) = -67*c - 13. Let v(z) = 5*z - 1. Let q(k) = -l(k) - 12*v(k). Give q(-3).
4
Let n(g) be the first derivative of -g**5/10 - g**4/12 + 36*g**3 + 70. Let i(h) be the third derivative of n(h). Give i(3).
-38
Let p(f) = f - 1. Let a(k) = -2 + k + 4*k - 4*k. Let o(w) = a(w) - 3*p(w). Suppose -3*n + 2*x - 46 = -26, 0 = 5*x - 20. Give o(n).
9
Let w be -1 - (-2 - 0) - 2. Let h(l) be the second derivative of 13*l**4/12 + l**2/2 - 5560*l. Calculate h(w).
14
Let a = 3591 + -3587. Let k(s) = s**2 - 12. What is k(a)?
4
Let j(s) = 10*s**2 - 61*s + 2. Let i(m) = 25*m**2 - 151*m + 4. Let o(b) = -5*i(b) + 13*j(b). Determine o(8).
22
Let y(z) be the third derivative of -z**6/120 + 11*z**5/60 + z**4/2 + 2*z**3/3 + 450*z**2 - 2. Give y(12).
4
Let m(d) = -103*d + 934. Let s(a) = 26*a - 235. Let z(r) = 6*m(r) + 23*s(r). Give z(10).
-1
Let g(k) = 3*k + 73. Let v = -1152 + 1122. What is g(v)?
-17
Let q(b) = b**3 - 8*b**2 + 12*b + 23. Let r = 18722 - 18717. Give q(r).
8
Let k(n) be the first derivative of n**4/4 - n**3 + n**2/2 + n - 20. Let a = 33 - 29. Suppose 9 = -p + a*p. Give k(p).
4
Let k(i) = -i**3 + i**2 + 5*i - 2. Let u be k(3). Let d be -1*(u - (-6)/2). Let s(x) = 3 + 103*x - 307*x + 98*x + 103*x. Calculate s(d).
-3
Let w(r) be the third derivative of r**5/12 + 23*r**4/12 + 7*r**3/6 + 75*r**2 - 6*r. What is w(-9)?
-2
Let n(r) = 241*r**2 + 9*r - 4. Let d be n(1). Let v(p) = -22*p + d - 247 + 25*p. What is v(8)?
23
Let k(b) = -b - 11*b + 28*b - 7*b - 36 - 4*b. Give k(26).
94
Let d(w) be the third derivative of -1/10*w**5 - 7/6*w**3 + 0*w - 1/6*w**4 + 0 + 111*w**2 + 1/120*w**6. What is d(7)?
14
Let y(d) = 5*d + 58. Suppose -11*s - 75*s = 10*s + 960. What is y(s)?
8
Let w(h) = 470926 - 470926 + h**2. Suppose 2*s - 4*s = 8. What is w(s)?
16
Let f(t) = -4*t**2 + 2*t - 3. Let w(s) = -3 + 9 - 54 - 10*s. Let o be w(-5). Calculate f(o).
-15
Suppose -h + 3*k = 4*h - 552, -h - k + 112 = 0. Let f = h - 107. Suppose 0*r = r - 2*o - f, r + 8 = -2*o. Let i(v) = v**2 - 3*v - 3. What is i(r)?
7
Suppose -18 = -4*w + w. Let i(m) = w*m + 3 - 6*m + 2 + 5*m. What is i(-4)?
-15
Let k(u) = 2 + 22*u + 14*u - 27*u - 3. Suppose 3*w + 5 = 4*n, w + 12 = 5*w + 4*n. What is k(w)?
8
Let p(x) = 8*x**2 + 9*x + 8. Let f(i) = -i**2 - i - 1. Let o(g) = 6*f(g) + p(g). Suppose 19*b = -17*b + 47*b + 22. Calculate o(b).
4
Suppose -3*l + 32 = 2*y + 2*l, 3*y = -2*l + 48. Suppose 26 + 22 = -y*o. Let m(f) = -f**2 - f - 2. What is m(o)?
-8
Suppose -4*t - 3*y + y = -66, -4*t + 76 = 4*y. Suppose -5*w - 16 = t. Let o(p) = p**3 + 7*p**2 + 5*p - 1. What is o(w)?
5
Let m be 4 + ((-1)/3 - (-2493)/27). Let r be (-12)/m + (-30)/16. Let x(j) = 7*j + 3. Determine x(r).
-11
Let h(y) = -y - 3. Suppose -2*f = 46 + 78. Let j = f + 41. Let d = j + 15. What is h(d)?
3
Let u(q) be the second derivative of q**6/360 - 7*q**5/120 - 7*q**4/24 + 11*q**3/6 + 5*q + 18. Let t(l) be the second derivative of u(l). Determine t(5).
-17
Let u be 2/(-6) + (-6)/((-180)/(-8630)). Let t = u - -275. Let f(n) = -n**3 - 14*n**2 - 13*n - 6. What is f(t)?
-6
Let w(c) = 601*c - 591*c + 52 - 48. Determine w(3).
34
Let c(q) be the first derivative of q**4/4 + q**3 - 2*q**2 - 3*q + 1. Suppose -8*s - 12*s + 1180 = 0. Suppose 0 = -3*b - 4*t - 5, -s = -b + 4*t - 66. Give c(b).
9
Let o(a) = 2*a + 103. Let w(c) = -2*c**2 + 192*c + 3074. Let l be w(110). Calculate o(l).
91
Suppose 9 - 97 = -2*r. Suppose x + 2*s = r, -1 = -2*s + 1. Let c = x + -40. Let i(u) = 4*u**2 - 2*u + 3. Determine i(c).
15
Let n be (7/(-2))/(-1*1/38). Let g = n + -132. Let l(b) = 0 + 4*b - 2*b - 1 + 3*b**3 - 2*b**2. Determine l(g).
2
Let f(i) = 13*i**3 + 36*i**2 + 18*i + 64. Let j(c) = 5*c**3 + 13*c**2 + 6*c + 21. Let m(o) = 3*f(o) - 8*j(o). Determine m(6).
-12
Let u be (-140)/(-21) - 4 - (-2)/6. Suppose 5*z = -4*m + 21, -2*z - u - 3 = 0. Let b(x) = -x**2 + 8*x + 6. Calculate b(m).
-3
Suppose 0 = 15*h - 73*h - 32*h - 360. Let t(i) = -28*i - 109. Determine t(h).
3
Let p = 3341 - 3345. Let r(o) = -4*o - 9. Determine r(p).
7
Let y(n) be the second derivative of n**5/20 + 11*n**4/12 + n**3/6 + 15*n**2/2 + 32*n + 17. Let f = 39 + -28. Let h = 0 - f. Calculate y(h).
4
Let u(m) = 9*m - 14. Let z(k) = -13*k + 21. Let t(x) = -7*u(x) - 5*z(x). Let w(q) = -8*q + 4*q**2 + q**3 - 13 + 3 + 2. Let c be w(-5). Give t(c).
7
Let v(l) = 17*l. Let h(r) be the second derivative of -25*r**3/3 - 30*r + 2. Let s(j) = 4*h(j) + 11*v(j). Let d be 8/(-2) - 1*-2. What is s(d)?
26
Let b(q) = -q**3 + q**2 + q + 6. Suppose -37*r = -625 - 707. Suppose 3*j - a = 0, r*j - 3*a = 31*j. Determine b(j).
6
Let k(q) = -q**2 - 4*q. Let a be k(0). Suppose a = -5*n + 534 - 574. Let d(s) = -s**3 - 7*s**2 + 8*s - 3. Determine d(n).
-3
Let o be (-2)/5*(-180)/(-144)*-6 - 3. Let h(c) be the first derivative of -c**3/3 + 3*c - 2. What is h(o)?
3
Suppose y = 8 - 9. Suppose -30 = -91*t + 89*t. Let j(f) = t*f + 20*f + 10*f - 41*f + 1. Calculate j(y).
-3
Let z(r) = 8*r**3 + 2*r - 2. Let f(d) = -2*d**2 - 135*d - 447. Let b be f(-64). Give z(b).
8
Let w(z) = z**3 + 2*z + 1 + 5*z + z + 4*z**2 - 7*z. Suppose 5*d + 117 - 107 = 0. Give w(d).
7
Let j(p) = 24*p + 7*p**2 - 12*p - 10*p + 1. Let l = 21 - 12. Suppose 7*a + l = -2*a. Determine j(a).
6
Let t be -5 + -3*4/(-6). Let r = 39 - 37. Let g(m) = 2*m + 6. Let v(w) = 2*w + 7. Let i(z) = r*v(z) + t*g(z). Calculate i(-4).
4
Let p = 10 + 101. Suppose 0 = -3*r - 3*x + p, -4*x - 74 = -3*r + 65. Let w = -50 + r. Let l(k) = 2*k + 11. Determine l(w).
-7
Suppose 5*g = -115*d + 113*d + 24, -2*g - 10 = -2*d. Let a(y) = -y**2 + 13*y + 7. Determine a(d).
49
Let b be 60/(-14) - (-2)/7. Let l be (-174)/(-24) + 1/b. Let w(x) = x**2 - 10*x + 17. Calculate w(l).
-4
Let q = 4 + -3. Let k(y) be the third derivative of y**6/24 - 2302*y**2. Give k(q).
5
Let p(s) be the third derivative of -s**6/30 - s**5/60 - s**4/24 + s**3/3 + 768*s**2. What is p(1)?
-4
Let n(k) = 2 - 14*k**2 - 35*k + 21*k**2 - 5*k**2 - 4*k**2 - 10*k**2. Give n(-3).
-1
Let b(s) = 107*s - 2*s**2 - 51*s - s**2 + 17*s - 29. Determine b(24).
-5
Let g(q) = q + 1. Let p be ((-30)/9)/(2/(-3)). Suppose 20 + p = 5*t. Suppose 9 - 4 = -t*b. Determine g(b).
0
Let g(f) be the third derivative of 5*f**4/12 - f**3/6 + 136*f**2 + 1. Suppose -1 = 4*l - 5. What is g(l)?
9
Let v(f) = 8*f + 59. Let r(h) = 38*h + 238. Let i(d) = 2*r(d) - 9*v(d). Calculate i(16).
9
Suppose 2*i - 7*i - 980 = 0. 